{"id":238,"date":"2017-09-25T21:47:50","date_gmt":"2017-09-25T19:47:50","guid":{"rendered":"http:\/\/lukauto.pl\/?page_id=238"},"modified":"2017-09-25T22:20:52","modified_gmt":"2017-09-25T20:20:52","slug":"serwis-dpf","status":"publish","type":"page","link":"https:\/\/lukauto.pl\/?page_id=238","title":{"rendered":"Serwis DPF"},"content":{"rendered":"<p style=\"text-align: center;\">Kompleksowa obs\u0142uga filtr\u00f3w cz\u0105stek sta\u0142ych, jak i zawor\u00f3w EGR:<\/p>\n<p style=\"text-align: center;\">DPF \/\u00a0FAP<\/p>\n<h6 style=\"text-align: center;\">Zakres napraw:<\/h6>\n<p style=\"text-align: center;\">Naprawa<\/p>\n<p style=\"text-align: center;\">Wymiana<\/p>\n<p style=\"text-align: center;\">Czyszczenie<\/p>\n<p style=\"text-align: center;\">Usuwanie \/ Za\u015blepianie + wyprogramowywanie z komputera<\/p>\n<p><img loading=\"lazy\" decoding=\"async\" class=\"aligncenter  wp-image-274\" src=\"https:\/\/lukauto.pl\/wp-content\/uploads\/2017\/09\/1d.jpg\" alt=\"\" width=\"850\" height=\"485\" \/><\/p>\n<p>&nbsp;<\/p>\n<p>&nbsp;<\/p>\n<p>&nbsp;<\/p>\n","protected":false},"excerpt":{"rendered":"<p>Kompleksowa obs\u0142uga filtr\u00f3w cz\u0105stek sta\u0142ych, jak i zawor\u00f3w EGR: DPF \/\u00a0FAP Zakres napraw: Naprawa Wymiana Czyszczenie Usuwanie \/ Za\u015blepianie + wyprogramowywanie z komputera &nbsp; &nbsp; &nbsp;<\/p>\n","protected":false},"author":2,"featured_media":0,"parent":0,"menu_order":0,"comment_status":"closed","ping_status":"closed","template":"","meta":{"footnotes":""},"class_list":["post-238","page","type-page","status-publish","hentry"],"_links":{"self":[{"href":"https:\/\/lukauto.pl\/index.php?rest_route=\/wp\/v2\/pages\/238","targetHints":{"allow":["GET"]}}],"collection":[{"href":"https:\/\/lukauto.pl\/index.php?rest_route=\/wp\/v2\/pages"}],"about":[{"href":"https:\/\/lukauto.pl\/index.php?rest_route=\/wp\/v2\/types\/page"}],"author":[{"embeddable":true,"href":"https:\/\/lukauto.pl\/index.php?rest_route=\/wp\/v2\/users\/2"}],"replies":[{"embeddable":true,"href":"https:\/\/lukauto.pl\/index.php?rest_route=%2Fwp%2Fv2%2Fcomments&post=238"}],"version-history":[{"count":29,"href":"https:\/\/lukauto.pl\/index.php?rest_route=\/wp\/v2\/pages\/238\/revisions"}],"predecessor-version":[{"id":275,"href":"https:\/\/lukauto.pl\/index.php?rest_route=\/wp\/v2\/pages\/238\/revisions\/275"}],"wp:attachment":[{"href":"https:\/\/lukauto.pl\/index.php?rest_route=%2Fwp%2Fv2%2Fmedia&parent=238"}],"curies":[{"name":"wp","href":"https:\/\/api.w.org\/{rel}","templated":true}]}}