{"id":214,"date":"2016-12-05T10:21:14","date_gmt":"2016-12-05T09:21:14","guid":{"rendered":"http:\/\/lukauto.pl\/?page_id=214"},"modified":"2017-09-25T22:22:57","modified_gmt":"2017-09-25T20:22:57","slug":"kontakt","status":"publish","type":"page","link":"https:\/\/lukauto.pl\/?page_id=214","title":{"rendered":"Kontakt"},"content":{"rendered":"<h1 style=\"text-align: center;\"><strong>Dane adresowe<\/strong><\/h1>\n<p style=\"text-align: center;\">Luk Auto Serwis \u0141ukasz Sk\u0142adanek<\/p>\n<p style=\"text-align: center;\">Ul. Przytorowa 2<\/p>\n<p style=\"text-align: center;\">05-100 Nowy Dw\u00f3r Mazowiecki<\/p>\n<p style=\"text-align: center;\">NIP :\u00a0531-155-22-18<\/p>\n<h1 style=\"text-align: center;\"><strong>Dane\u00a0kontaktowe<\/strong><\/h1>\n<p style=\"text-align: center;\">Telefon:\u00a0 516 122 299<\/p>\n<p style=\"text-align: center;\">Email:\u00a0<a href=\"mailto:serwis@lukauto.pl\">serwis@lukauto.pl<\/a><\/p>\n<p>&nbsp;<\/p>\n","protected":false},"excerpt":{"rendered":"<p>Dane adresowe Luk Auto Serwis \u0141ukasz Sk\u0142adanek Ul. Przytorowa 2 05-100 Nowy Dw\u00f3r Mazowiecki NIP :\u00a0531-155-22-18 Dane\u00a0kontaktowe Telefon:\u00a0 516 122 299 Email:\u00a0serwis@lukauto.pl &nbsp;<\/p>\n","protected":false},"author":2,"featured_media":0,"parent":0,"menu_order":0,"comment_status":"closed","ping_status":"closed","template":"","meta":{"footnotes":""},"class_list":["post-214","page","type-page","status-publish","hentry"],"_links":{"self":[{"href":"https:\/\/lukauto.pl\/index.php?rest_route=\/wp\/v2\/pages\/214","targetHints":{"allow":["GET"]}}],"collection":[{"href":"https:\/\/lukauto.pl\/index.php?rest_route=\/wp\/v2\/pages"}],"about":[{"href":"https:\/\/lukauto.pl\/index.php?rest_route=\/wp\/v2\/types\/page"}],"author":[{"embeddable":true,"href":"https:\/\/lukauto.pl\/index.php?rest_route=\/wp\/v2\/users\/2"}],"replies":[{"embeddable":true,"href":"https:\/\/lukauto.pl\/index.php?rest_route=%2Fwp%2Fv2%2Fcomments&post=214"}],"version-history":[{"count":11,"href":"https:\/\/lukauto.pl\/index.php?rest_route=\/wp\/v2\/pages\/214\/revisions"}],"predecessor-version":[{"id":280,"href":"https:\/\/lukauto.pl\/index.php?rest_route=\/wp\/v2\/pages\/214\/revisions\/280"}],"wp:attachment":[{"href":"https:\/\/lukauto.pl\/index.php?rest_route=%2Fwp%2Fv2%2Fmedia&parent=214"}],"curies":[{"name":"wp","href":"https:\/\/api.w.org\/{rel}","templated":true}]}}